  
{"id":290,"date":"2024-09-03T14:34:01","date_gmt":"2024-09-03T14:34:01","guid":{"rendered":"https:\/\/sklep.telmalmk.pl\/?post_type=product&#038;p=290"},"modified":"2025-03-11T13:49:24","modified_gmt":"2025-03-11T13:49:24","slug":"router-draytek-vigor-2865ax","status":"publish","type":"product","link":"https:\/\/sklep.telmalmk.pl\/?product=router-draytek-vigor-2865ax","title":{"rendered":"Router DrayTek Vigor 2865ax"},"content":{"rendered":"<table>\n<tbody>\n<tr>\n<td>\n<h3><strong>4-6x WAN<\/strong><\/h3>\n<\/td>\n<td>\n<h3><strong>\u00a0|\u00a0<\/strong><\/h3>\n<\/td>\n<td>\n<h3><strong>8 podsieci<\/strong><\/h3>\n<\/td>\n<td>\n<h3><strong>\u00a0|\u00a0<\/strong><\/h3>\n<\/td>\n<td>\n<h3><strong>32 VPN<\/strong><\/h3>\n<\/td>\n<td>\n<h3><strong>\u00a0|\u00a0<\/strong><\/h3>\n<\/td>\n<td>\n<h3><strong>60 tys. sesji<\/strong><\/h3>\n<\/td>\n<\/tr>\n<\/tbody>\n<\/table>\n<ul>\n<li>Wbudowany modem 35b\/VDSL2\/ADSL2+<\/li>\n<li>WAN Gigabit Ethernet z wydajno\u015bci\u0105 NAT 900 Mbps dzi\u0119ki <a href=\"https:\/\/draytek.pl\/przyklady\/wan-jak-uzyskac-wyzsza-wydajnosc-routera-w-dostepie-do-internetu-hardware-acceleration\/\" target=\"_blank\" rel=\"noopener noreferrer\">akceleracji<\/a><\/li>\n<li>WAN LoadBalance oraz Failover<\/li>\n<li>32 r\u00f3wnoczesne tunele VPN PPTP\/L2TP\/IPsec\/WireGuard (w tym 16 SSL\/OpenVPN)<\/li>\n<li>Wydajno\u015b\u0107 IPsec do 300 Mbps<\/li>\n<li>Wydajno\u015b\u0107 SSL VPN do 150 Mbps<\/li>\n<li>Firewall SPI z filtrowaniem tre\u015bci wed\u0142ug s\u0142\u00f3w kluczowych URL, kategorii stron, aplikacji<\/li>\n<li>USB do pod\u0142\u0105czenia modemu 3G\/4G, dodatkowej pami\u0119ci, termometru, drukarki<\/li>\n<li>Centralne zarz\u0105dzanie VigorAP oraz VigorSwitch<\/li>\n<li>Bezp\u0142atna us\u0142uga DrayDDNS z certyfikatem <a href=\"https:\/\/draytek.pl\/przyklady\/system-certyfikat-routera-w-oparciu-o-lets-encrypt\/\" target=\"_blank\" rel=\"noopener noreferrer\">Let\u2019s Encrypt<\/a><\/li>\n<li>Dwuzakresowe <strong>WiFi 6 (AX3000)<\/strong> z pr\u0119dko\u015bci\u0105 2402Mbps dla 5GHz oraz 574Mbps dla 2.4GHz (model <strong>ax<\/strong>)<\/li>\n<\/ul>\n<p><img loading=\"lazy\" decoding=\"async\" class=\"alignnone size-full wp-image-293\" src=\"https:\/\/sklep.telmalmk.pl\/wp-content\/uploads\/2024\/09\/warianty-produktu-2865ax.png\" alt=\"\" width=\"950\" height=\"550\" srcset=\"https:\/\/sklep.telmalmk.pl\/wp-content\/uploads\/2024\/09\/warianty-produktu-2865ax.png 950w, https:\/\/sklep.telmalmk.pl\/wp-content\/uploads\/2024\/09\/warianty-produktu-2865ax-300x174.png 300w, https:\/\/sklep.telmalmk.pl\/wp-content\/uploads\/2024\/09\/warianty-produktu-2865ax-768x445.png 768w, https:\/\/sklep.telmalmk.pl\/wp-content\/uploads\/2024\/09\/warianty-produktu-2865ax-600x347.png 600w\" sizes=\"auto, (max-width: 950px) 100vw, 950px\" \/><\/p>\n<p>&nbsp;<\/p>\n","protected":false},"excerpt":{"rendered":"<div class=\"woocommerce-product-details__short-description\">\n<p>Producent: DrayTek<\/p>\n<\/div>\n","protected":false},"featured_media":291,"comment_status":"closed","ping_status":"closed","template":"","meta":[],"product_brand":[],"product_cat":[29],"product_tag":[21,30],"class_list":{"0":"post-290","1":"product","2":"type-product","3":"status-publish","4":"has-post-thumbnail","6":"product_cat-router","7":"product_tag-draytek","8":"product_tag-router","10":"first","11":"onbackorder","12":"taxable","13":"shipping-taxable","14":"purchasable","15":"product-type-simple","16":"customify-col","17":"product-has-gallery"},"_links":{"self":[{"href":"https:\/\/sklep.telmalmk.pl\/index.php?rest_route=\/wp\/v2\/product\/290","targetHints":{"allow":["GET"]}}],"collection":[{"href":"https:\/\/sklep.telmalmk.pl\/index.php?rest_route=\/wp\/v2\/product"}],"about":[{"href":"https:\/\/sklep.telmalmk.pl\/index.php?rest_route=\/wp\/v2\/types\/product"}],"replies":[{"embeddable":true,"href":"https:\/\/sklep.telmalmk.pl\/index.php?rest_route=%2Fwp%2Fv2%2Fcomments&post=290"}],"wp:featuredmedia":[{"embeddable":true,"href":"https:\/\/sklep.telmalmk.pl\/index.php?rest_route=\/wp\/v2\/media\/291"}],"wp:attachment":[{"href":"https:\/\/sklep.telmalmk.pl\/index.php?rest_route=%2Fwp%2Fv2%2Fmedia&parent=290"}],"wp:term":[{"taxonomy":"product_brand","embeddable":true,"href":"https:\/\/sklep.telmalmk.pl\/index.php?rest_route=%2Fwp%2Fv2%2Fproduct_brand&post=290"},{"taxonomy":"product_cat","embeddable":true,"href":"https:\/\/sklep.telmalmk.pl\/index.php?rest_route=%2Fwp%2Fv2%2Fproduct_cat&post=290"},{"taxonomy":"product_tag","embeddable":true,"href":"https:\/\/sklep.telmalmk.pl\/index.php?rest_route=%2Fwp%2Fv2%2Fproduct_tag&post=290"}],"curies":[{"name":"wp","href":"https:\/\/api.w.org\/{rel}","templated":true}]}}